{"id":7,"date":"2020-01-23T13:00:30","date_gmt":"2020-01-23T12:00:30","guid":{"rendered":"http:\/\/www.mayavida.ch\/?page_id=7"},"modified":"2024-01-10T13:27:57","modified_gmt":"2024-01-10T12:27:57","slug":"ueber-uns","status":"publish","type":"page","link":"https:\/\/www.majavida.ch\/?page_id=7","title":{"rendered":"\u00dcber mich"},"content":{"rendered":"\n<div class=\"wp-block-media-text alignwide has-media-on-the-right is-stacked-on-mobile is-vertically-aligned-top tw-mt-0 is-style-tw-shadow\" style=\"grid-template-columns:auto 55%\"><div class=\"wp-block-media-text__content\">\n<h2 class=\"wp-block-heading\">\u00dcber mich<\/h2>\n\n\n\n<p>Diese Seite ist stetig im Wandel und es g\u00e4be wohl jeden Tag wieder etwas Neues \u00fcber mich zu schreiben. Meine Wege formen sich durch den Lebensfluss und ich lasse mich gerne von meinem Herzen f\u00fchren. Die Neugier in mir l\u00e4sst mich das Leben mit Freude entdecken und offen auf seine Einladungen zugehen. Was mich seit meiner Kindheit begleitet, ist die Liebe zu den Menschen und zu der Natur. In den Begegnungen mit meinen Klienten sp\u00fcre ich mein offenes willkommen heissen f\u00fcr all die wundersch\u00f6nen Geschenke, die in uns liegen. &nbsp;Ich sch\u00e4tze die unterschiedlichen Wege, die wir f\u00fcr uns w\u00e4hlen und die Vielfalt, die sich daraus ergibt. So einzigartig und kostbar ist jedes Wesen. Ja, mich fasziniert das Leben in all seinen Formen und Farben.<\/p>\n\n\n\n<p>Dank unserem K\u00f6per d\u00fcrfen wir hier auf dieser Erde alles erleben. Unsere Sinne schenken uns tagt\u00e4glich unz\u00e4hlige Erfahrungen. Es ist mir ein Anliegen, gut auf unseren K\u00f6rper zu achten, ihm zuzuh\u00f6ren und immer wieder zu staunen, was er uns alles zu sagen hat. Tief in uns liegt eine Kraft, die uns alle durch das Leben begleitet. In der Stille und im Sein k\u00f6nnen wir uns mit dieser unendlichen Weite verbinden und mit unserer Essenz in Kontakt kommen. An diesem Ort geschieht Heilung auf allen Ebenen. K\u00f6rper, Geist, Seele. Alles verbunden, alles eins.<\/p>\n\n\n\n<div style=\"height:39px\" aria-hidden=\"true\" class=\"wp-block-spacer\"><\/div>\n\n\n\n<p><br><strong>Meine Ausbildungen<\/strong><br>Berufsmasseurin April 2018 \u2013 Oktober 2020<br>Fussreflexzonentherapeutin April 2018 &#8211; April 2020<br>Energiemasseurin August 2020 bis Dezember 2020<\/p>\n\n\n\n<p>Seit Juli 2022 bin ich in der Ausbildung zur Cranio Sacral Therapeutin.<\/p>\n\n\n\n<p><br>Die Arbeit mit Menschen erf\u00fcllt und begeistert mich. Ich bilde mich fortlaufend weiter und lasse meine neuen Erkenntnisse in all meine Behandlungen einfliessen.<\/p>\n\n\n\n<p><\/p>\n\n\n\n<p>Foto by Grit Siwonia<\/p>\n\n\n\n<p><\/p>\n<\/div><figure class=\"wp-block-media-text__media\"><img loading=\"lazy\" decoding=\"async\" width=\"1024\" height=\"683\" src=\"https:\/\/www.majavida.ch\/wp-content\/uploads\/2024\/01\/DSC0886-1024x683.jpg\" alt=\"\" class=\"wp-image-1295 size-full\" srcset=\"https:\/\/www.majavida.ch\/wp-content\/uploads\/2024\/01\/DSC0886-1024x683.jpg 1024w, https:\/\/www.majavida.ch\/wp-content\/uploads\/2024\/01\/DSC0886-300x200.jpg 300w, https:\/\/www.majavida.ch\/wp-content\/uploads\/2024\/01\/DSC0886-768x512.jpg 768w, https:\/\/www.majavida.ch\/wp-content\/uploads\/2024\/01\/DSC0886-1536x1024.jpg 1536w, https:\/\/www.majavida.ch\/wp-content\/uploads\/2024\/01\/DSC0886-2048x1365.jpg 2048w, https:\/\/www.majavida.ch\/wp-content\/uploads\/2024\/01\/DSC0886-1568x1045.jpg 1568w\" sizes=\"auto, (max-width: 1024px) 100vw, 1024px\" \/><\/figure><\/div>\n\n\n\n<p><\/p>\n","protected":false},"excerpt":{"rendered":"","protected":false},"author":3,"featured_media":0,"parent":0,"menu_order":0,"comment_status":"closed","ping_status":"closed","template":"tw-no-title.php","meta":{"footnotes":""},"class_list":["post-7","page","type-page","status-publish","hentry","entry"],"yoast_head":"<!-- This site is optimized with the Yoast SEO plugin v27.5 - https:\/\/yoast.com\/product\/yoast-seo-wordpress\/ -->\n<title>\u00dcber mich - majavida<\/title>\n<meta name=\"robots\" content=\"index, follow, max-snippet:-1, max-image-preview:large, max-video-preview:-1\" \/>\n<link rel=\"canonical\" href=\"https:\/\/www.majavida.ch\/?page_id=7\" \/>\n<meta property=\"og:locale\" content=\"de_DE\" \/>\n<meta property=\"og:type\" content=\"article\" \/>\n<meta property=\"og:title\" content=\"\u00dcber mich - majavida\" \/>\n<meta property=\"og:url\" content=\"https:\/\/www.majavida.ch\/?page_id=7\" \/>\n<meta property=\"og:site_name\" content=\"majavida\" \/>\n<meta property=\"article:modified_time\" content=\"2024-01-10T12:27:57+00:00\" \/>\n<meta property=\"og:image\" content=\"https:\/\/www.majavida.ch\/wp-content\/uploads\/2024\/01\/DSC0886-1024x683.jpg\" \/>\n<meta name=\"twitter:card\" content=\"summary_large_image\" \/>\n<meta name=\"twitter:label1\" content=\"Gesch\u00e4tzte Lesezeit\" \/>\n\t<meta name=\"twitter:data1\" content=\"2\u00a0Minuten\" \/>\n<script type=\"application\/ld+json\" class=\"yoast-schema-graph\">{\"@context\":\"https:\\\/\\\/schema.org\",\"@graph\":[{\"@type\":\"WebPage\",\"@id\":\"https:\\\/\\\/www.majavida.ch\\\/?page_id=7\",\"url\":\"https:\\\/\\\/www.majavida.ch\\\/?page_id=7\",\"name\":\"\u00dcber mich - majavida\",\"isPartOf\":{\"@id\":\"https:\\\/\\\/www.majavida.ch\\\/#website\"},\"primaryImageOfPage\":{\"@id\":\"https:\\\/\\\/www.majavida.ch\\\/?page_id=7#primaryimage\"},\"image\":{\"@id\":\"https:\\\/\\\/www.majavida.ch\\\/?page_id=7#primaryimage\"},\"thumbnailUrl\":\"https:\\\/\\\/www.majavida.ch\\\/wp-content\\\/uploads\\\/2024\\\/01\\\/DSC0886-1024x683.jpg\",\"datePublished\":\"2020-01-23T12:00:30+00:00\",\"dateModified\":\"2024-01-10T12:27:57+00:00\",\"breadcrumb\":{\"@id\":\"https:\\\/\\\/www.majavida.ch\\\/?page_id=7#breadcrumb\"},\"inLanguage\":\"de\",\"potentialAction\":[{\"@type\":\"ReadAction\",\"target\":[\"https:\\\/\\\/www.majavida.ch\\\/?page_id=7\"]}]},{\"@type\":\"ImageObject\",\"inLanguage\":\"de\",\"@id\":\"https:\\\/\\\/www.majavida.ch\\\/?page_id=7#primaryimage\",\"url\":\"https:\\\/\\\/www.majavida.ch\\\/wp-content\\\/uploads\\\/2024\\\/01\\\/DSC0886-scaled.jpg\",\"contentUrl\":\"https:\\\/\\\/www.majavida.ch\\\/wp-content\\\/uploads\\\/2024\\\/01\\\/DSC0886-scaled.jpg\",\"width\":2560,\"height\":1707},{\"@type\":\"BreadcrumbList\",\"@id\":\"https:\\\/\\\/www.majavida.ch\\\/?page_id=7#breadcrumb\",\"itemListElement\":[{\"@type\":\"ListItem\",\"position\":1,\"name\":\"Startseite\",\"item\":\"https:\\\/\\\/www.majavida.ch\\\/\"},{\"@type\":\"ListItem\",\"position\":2,\"name\":\"\u00dcber mich\"}]},{\"@type\":\"WebSite\",\"@id\":\"https:\\\/\\\/www.majavida.ch\\\/#website\",\"url\":\"https:\\\/\\\/www.majavida.ch\\\/\",\"name\":\"majavida\",\"description\":\"untertitel\",\"publisher\":{\"@id\":\"https:\\\/\\\/www.majavida.ch\\\/#organization\"},\"potentialAction\":[{\"@type\":\"SearchAction\",\"target\":{\"@type\":\"EntryPoint\",\"urlTemplate\":\"https:\\\/\\\/www.majavida.ch\\\/?s={search_term_string}\"},\"query-input\":{\"@type\":\"PropertyValueSpecification\",\"valueRequired\":true,\"valueName\":\"search_term_string\"}}],\"inLanguage\":\"de\"},{\"@type\":\"Organization\",\"@id\":\"https:\\\/\\\/www.majavida.ch\\\/#organization\",\"name\":\"majavida\",\"url\":\"https:\\\/\\\/www.majavida.ch\\\/\",\"logo\":{\"@type\":\"ImageObject\",\"inLanguage\":\"de\",\"@id\":\"https:\\\/\\\/www.majavida.ch\\\/#\\\/schema\\\/logo\\\/image\\\/\",\"url\":\"https:\\\/\\\/www.majavida.ch\\\/wp-content\\\/uploads\\\/2021\\\/04\\\/maja-vida_Logo-farbig-10.png\",\"contentUrl\":\"https:\\\/\\\/www.majavida.ch\\\/wp-content\\\/uploads\\\/2021\\\/04\\\/maja-vida_Logo-farbig-10.png\",\"width\":351,\"height\":249,\"caption\":\"majavida\"},\"image\":{\"@id\":\"https:\\\/\\\/www.majavida.ch\\\/#\\\/schema\\\/logo\\\/image\\\/\"}}]}<\/script>\n<!-- \/ Yoast SEO plugin. -->","yoast_head_json":{"title":"\u00dcber mich - majavida","robots":{"index":"index","follow":"follow","max-snippet":"max-snippet:-1","max-image-preview":"max-image-preview:large","max-video-preview":"max-video-preview:-1"},"canonical":"https:\/\/www.majavida.ch\/?page_id=7","og_locale":"de_DE","og_type":"article","og_title":"\u00dcber mich - majavida","og_url":"https:\/\/www.majavida.ch\/?page_id=7","og_site_name":"majavida","article_modified_time":"2024-01-10T12:27:57+00:00","og_image":[{"url":"https:\/\/www.majavida.ch\/wp-content\/uploads\/2024\/01\/DSC0886-1024x683.jpg","type":"","width":"","height":""}],"twitter_card":"summary_large_image","twitter_misc":{"Gesch\u00e4tzte Lesezeit":"2\u00a0Minuten"},"schema":{"@context":"https:\/\/schema.org","@graph":[{"@type":"WebPage","@id":"https:\/\/www.majavida.ch\/?page_id=7","url":"https:\/\/www.majavida.ch\/?page_id=7","name":"\u00dcber mich - majavida","isPartOf":{"@id":"https:\/\/www.majavida.ch\/#website"},"primaryImageOfPage":{"@id":"https:\/\/www.majavida.ch\/?page_id=7#primaryimage"},"image":{"@id":"https:\/\/www.majavida.ch\/?page_id=7#primaryimage"},"thumbnailUrl":"https:\/\/www.majavida.ch\/wp-content\/uploads\/2024\/01\/DSC0886-1024x683.jpg","datePublished":"2020-01-23T12:00:30+00:00","dateModified":"2024-01-10T12:27:57+00:00","breadcrumb":{"@id":"https:\/\/www.majavida.ch\/?page_id=7#breadcrumb"},"inLanguage":"de","potentialAction":[{"@type":"ReadAction","target":["https:\/\/www.majavida.ch\/?page_id=7"]}]},{"@type":"ImageObject","inLanguage":"de","@id":"https:\/\/www.majavida.ch\/?page_id=7#primaryimage","url":"https:\/\/www.majavida.ch\/wp-content\/uploads\/2024\/01\/DSC0886-scaled.jpg","contentUrl":"https:\/\/www.majavida.ch\/wp-content\/uploads\/2024\/01\/DSC0886-scaled.jpg","width":2560,"height":1707},{"@type":"BreadcrumbList","@id":"https:\/\/www.majavida.ch\/?page_id=7#breadcrumb","itemListElement":[{"@type":"ListItem","position":1,"name":"Startseite","item":"https:\/\/www.majavida.ch\/"},{"@type":"ListItem","position":2,"name":"\u00dcber mich"}]},{"@type":"WebSite","@id":"https:\/\/www.majavida.ch\/#website","url":"https:\/\/www.majavida.ch\/","name":"majavida","description":"untertitel","publisher":{"@id":"https:\/\/www.majavida.ch\/#organization"},"potentialAction":[{"@type":"SearchAction","target":{"@type":"EntryPoint","urlTemplate":"https:\/\/www.majavida.ch\/?s={search_term_string}"},"query-input":{"@type":"PropertyValueSpecification","valueRequired":true,"valueName":"search_term_string"}}],"inLanguage":"de"},{"@type":"Organization","@id":"https:\/\/www.majavida.ch\/#organization","name":"majavida","url":"https:\/\/www.majavida.ch\/","logo":{"@type":"ImageObject","inLanguage":"de","@id":"https:\/\/www.majavida.ch\/#\/schema\/logo\/image\/","url":"https:\/\/www.majavida.ch\/wp-content\/uploads\/2021\/04\/maja-vida_Logo-farbig-10.png","contentUrl":"https:\/\/www.majavida.ch\/wp-content\/uploads\/2021\/04\/maja-vida_Logo-farbig-10.png","width":351,"height":249,"caption":"majavida"},"image":{"@id":"https:\/\/www.majavida.ch\/#\/schema\/logo\/image\/"}}]}},"jetpack_sharing_enabled":true,"_links":{"self":[{"href":"https:\/\/www.majavida.ch\/index.php?rest_route=\/wp\/v2\/pages\/7","targetHints":{"allow":["GET"]}}],"collection":[{"href":"https:\/\/www.majavida.ch\/index.php?rest_route=\/wp\/v2\/pages"}],"about":[{"href":"https:\/\/www.majavida.ch\/index.php?rest_route=\/wp\/v2\/types\/page"}],"author":[{"embeddable":true,"href":"https:\/\/www.majavida.ch\/index.php?rest_route=\/wp\/v2\/users\/3"}],"replies":[{"embeddable":true,"href":"https:\/\/www.majavida.ch\/index.php?rest_route=%2Fwp%2Fv2%2Fcomments&post=7"}],"version-history":[{"count":48,"href":"https:\/\/www.majavida.ch\/index.php?rest_route=\/wp\/v2\/pages\/7\/revisions"}],"predecessor-version":[{"id":1302,"href":"https:\/\/www.majavida.ch\/index.php?rest_route=\/wp\/v2\/pages\/7\/revisions\/1302"}],"wp:attachment":[{"href":"https:\/\/www.majavida.ch\/index.php?rest_route=%2Fwp%2Fv2%2Fmedia&parent=7"}],"curies":[{"name":"wp","href":"https:\/\/api.w.org\/{rel}","templated":true}]}}

Über mich

<div class="wp-block-media-text alignwide has-media-on-the-right is-stacked-on-mobile is-vertically-aligned-top tw-mt-0 is-style-tw-shadow" style="grid-template-columns:auto 55%"><div class="wp-block-media-text__content">
<h2 class="wp-block-heading">Über mich</h2>



<p>Diese Seite ist stetig im Wandel und es gäbe wohl jeden Tag wieder etwas Neues über mich zu schreiben. Meine Wege formen sich durch den Lebensfluss und ich lasse mich gerne von meinem Herzen führen. Die Neugier in mir lässt mich das Leben mit Freude entdecken und offen auf seine Einladungen zugehen. Was mich seit meiner Kindheit begleitet, ist die Liebe zu den Menschen und zu der Natur. In den Begegnungen mit meinen Klienten spüre ich mein offenes willkommen heissen für all die wunderschönen Geschenke, die in uns liegen. &nbsp;Ich schätze die unterschiedlichen Wege, die wir für uns wählen und die Vielfalt, die sich daraus ergibt. So einzigartig und kostbar ist jedes Wesen. Ja, mich fasziniert das Leben in all seinen Formen und Farben.</p>



<p>Dank unserem Köper dürfen wir hier auf dieser Erde alles erleben. Unsere Sinne schenken uns tagtäglich unzählige Erfahrungen. Es ist mir ein Anliegen, gut auf unseren Körper zu achten, ihm zuzuhören und immer wieder zu staunen, was er uns alles zu sagen hat. Tief in uns liegt eine Kraft, die uns alle durch das Leben begleitet. In der Stille und im Sein können wir uns mit dieser unendlichen Weite verbinden und mit unserer Essenz in Kontakt kommen. An diesem Ort geschieht Heilung auf allen Ebenen. Körper, Geist, Seele. Alles verbunden, alles eins.</p>



<div style="height:39px" aria-hidden="true" class="wp-block-spacer"></div>



<p><br><strong>Meine Ausbildungen</strong><br>Berufsmasseurin April 2018 – Oktober 2020<br>Fussreflexzonentherapeutin April 2018 &#8211; April 2020<br>Energiemasseurin August 2020 bis Dezember 2020</p>



<p>Seit Juli 2022 bin ich in der Ausbildung zur Cranio Sacral Therapeutin.</p>



<p><br>Die Arbeit mit Menschen erfüllt und begeistert mich. Ich bilde mich fortlaufend weiter und lasse meine neuen Erkenntnisse in all meine Behandlungen einfliessen.</p>



<p></p>



<p>Foto by Grit Siwonia</p>



<p></p>
</div><figure class="wp-block-media-text__media"><img loading="lazy" decoding="async" width="1024" height="683" src="https://www.majavida.ch/wp-content/uploads/2024/01/DSC0886-1024x683.jpg" alt="" class="wp-image-1295 size-full" srcset="https://www.majavida.ch/wp-content/uploads/2024/01/DSC0886-1024x683.jpg 1024w, https://www.majavida.ch/wp-content/uploads/2024/01/DSC0886-300x200.jpg 300w, https://www.majavida.ch/wp-content/uploads/2024/01/DSC0886-768x512.jpg 768w, https://www.majavida.ch/wp-content/uploads/2024/01/DSC0886-1536x1024.jpg 1536w, https://www.majavida.ch/wp-content/uploads/2024/01/DSC0886-2048x1365.jpg 2048w, https://www.majavida.ch/wp-content/uploads/2024/01/DSC0886-1568x1045.jpg 1568w" sizes="auto, (max-width: 1024px) 100vw, 1024px" /></figure></div>



<p></p>

<!-- This site is optimized with the Yoast SEO plugin v27.5 - https://yoast.com/product/yoast-seo-wordpress/ -->
<title>Über mich - majavida</title>
<meta name="robots" content="index, follow, max-snippet:-1, max-image-preview:large, max-video-preview:-1" />
<link rel="canonical" href="https://www.majavida.ch/?page_id=7" />
<meta property="og:locale" content="de_DE" />
<meta property="og:type" content="article" />
<meta property="og:title" content="Über mich - majavida" />
<meta property="og:url" content="https://www.majavida.ch/?page_id=7" />
<meta property="og:site_name" content="majavida" />
<meta property="article:modified_time" content="2024-01-10T12:27:57+00:00" />
<meta property="og:image" content="https://www.majavida.ch/wp-content/uploads/2024/01/DSC0886-1024x683.jpg" />
<meta name="twitter:card" content="summary_large_image" />
<meta name="twitter:label1" content="Geschätzte Lesezeit" />
	<meta name="twitter:data1" content="2 Minuten" />
<script type="application/ld+json" class="yoast-schema-graph">{"@context":"https:\/\/schema.org","@graph":[{"@type":"WebPage","@id":"https:\/\/www.majavida.ch\/?page_id=7","url":"https:\/\/www.majavida.ch\/?page_id=7","name":"Über mich - majavida","isPartOf":{"@id":"https:\/\/www.majavida.ch\/#website"},"primaryImageOfPage":{"@id":"https:\/\/www.majavida.ch\/?page_id=7#primaryimage"},"image":{"@id":"https:\/\/www.majavida.ch\/?page_id=7#primaryimage"},"thumbnailUrl":"https:\/\/www.majavida.ch\/wp-content\/uploads\/2024\/01\/DSC0886-1024x683.jpg","datePublished":"2020-01-23T12:00:30+00:00","dateModified":"2024-01-10T12:27:57+00:00","breadcrumb":{"@id":"https:\/\/www.majavida.ch\/?page_id=7#breadcrumb"},"inLanguage":"de","potentialAction":[{"@type":"ReadAction","target":["https:\/\/www.majavida.ch\/?page_id=7"]}]},{"@type":"ImageObject","inLanguage":"de","@id":"https:\/\/www.majavida.ch\/?page_id=7#primaryimage","url":"https:\/\/www.majavida.ch\/wp-content\/uploads\/2024\/01\/DSC0886-scaled.jpg","contentUrl":"https:\/\/www.majavida.ch\/wp-content\/uploads\/2024\/01\/DSC0886-scaled.jpg","width":2560,"height":1707},{"@type":"BreadcrumbList","@id":"https:\/\/www.majavida.ch\/?page_id=7#breadcrumb","itemListElement":[{"@type":"ListItem","position":1,"name":"Startseite","item":"https:\/\/www.majavida.ch\/"},{"@type":"ListItem","position":2,"name":"Über mich"}]},{"@type":"WebSite","@id":"https:\/\/www.majavida.ch\/#website","url":"https:\/\/www.majavida.ch\/","name":"majavida","description":"untertitel","publisher":{"@id":"https:\/\/www.majavida.ch\/#organization"},"potentialAction":[{"@type":"SearchAction","target":{"@type":"EntryPoint","urlTemplate":"https:\/\/www.majavida.ch\/?s={search_term_string}"},"query-input":{"@type":"PropertyValueSpecification","valueRequired":true,"valueName":"search_term_string"}}],"inLanguage":"de"},{"@type":"Organization","@id":"https:\/\/www.majavida.ch\/#organization","name":"majavida","url":"https:\/\/www.majavida.ch\/","logo":{"@type":"ImageObject","inLanguage":"de","@id":"https:\/\/www.majavida.ch\/#\/schema\/logo\/image\/","url":"https:\/\/www.majavida.ch\/wp-content\/uploads\/2021\/04\/maja-vida_Logo-farbig-10.png","contentUrl":"https:\/\/www.majavida.ch\/wp-content\/uploads\/2021\/04\/maja-vida_Logo-farbig-10.png","width":351,"height":249,"caption":"majavida"},"image":{"@id":"https:\/\/www.majavida.ch\/#\/schema\/logo\/image\/"}}]}</script>
<!-- / Yoast SEO plugin. -->

Über mich - majavida
